 + 4*c + 2. What is d(z)?
0
Let r(a) = 10*a**2 - a. Let z(n) = n. Let j(d) = -d. Let y(c) = j(c) + 2*z(c). Let x be y(1). What is r(x)?
9
Let m(o) = -5*o**2 - o + 9. Let t(b) = -6*b**2 - 2*b + 9. Let u(i) = -5*m(i) + 4*t(i). Let r(h) be the first derivative of u(h). What is r(3)?
3
Let k(a) be the first derivative of -1/4*a**4 + 4*a**2 + 4*a - 1 - 2*a**3. Calculate k(-7).
-3
Suppose k - 3*k + 6 = 0. Let s(w) = 3*w**2 + 4*w + 4. Let u(m) = 2*m**2 + 2*m + 2. Let l(o) = 3*s(o) - 5*u(o). Give l(k).
-1
Let h(a) = 6*a**2 + 5*a + 1. Let y(r) = 7*r**2 + 6*r + 1. Let k(o) = 5*h(o) - 4*y(o). Calculate k(-2).
7
Let z(a) = a**3 + a + 1. Let s = 22 - 25. Let m(v) = 17*v**3 + 4*v + 4. Let d(b) = s*z(b) + m(b). Give d(-1).
-14
Let p(h) = 2 - 2*h**2 + 0*h + 5*h**2 - 2*h. Let s be (-4 - -7)*(1 - 0). Suppose -2*f + 20 = 2*f - 3*m, -2*m - 14 = -s*f. Calculate p(f).
10
Let x(y) = y - 1. Suppose 23 + 7 = -3*o. Suppose -b + 13 + 1 = 0. Let p = o + b. Give x(p).
3
Let h be (-4)/(7 - -1)*-6. Let k(v) = -5 - v**2 + 1 + 7*v - h. Calculate k(5).
3
Let h be 3*2*5/(-6). Let j(c) be the second derivative of c**7/2520 + c**6/180 - c**5/20 - c**4/4 - 3*c. Let w(x) be the third derivative of j(x). What is w(h)?
-1
Let q(z) = z**3 + 5*z**2 - 2*z - 3. Let a be q(-5). Let r = -10 + a. Let i(k) = 9*k + 11. Let x(s) = 5*s + 6. Let v(p) = 3*i(p) - 5*x(p). Determine v(r).
-3
Let h = 14 + 4. Let j be 4/h - 8/36. Let u(f) = f**2 - f - 7. Give u(j).
-7
Let t(x) = x**2 - 2*x - 4. Suppose 9 = 2*b - 1. Give t(b).
11
Suppose 0 = -10*r + 5*r + 25. Let s(n) = -n**3 + 4*n**2 + 4*n - 3. Let l be s(5). Let z = r + l. Let i(o) = -o**2 + 3. Give i(z).
-6
Suppose h = 1 + 5. Let q(m) = m**3 - 6*m**2 + 2*m - 9. Give q(h).
3
Let p(s) = -s**2 + 7*s + 10. Let t be p(8). Let x(f) = 5*f**t - f - 5*f - f**3 + 5*f - 5*f. Calculate x(4).
-8
Let x(u) = u + 1. Let p = -126 + 119. What is x(p)?
-6
Let y = 2 + 0. Suppose 0 = -y*b - b. Let u(v) = b - v - 2 - v + v. Determine u(-1).
-1
Let f be 6/(-8) + 21/(-4). Let k(h) = h. Calculate k(f).
-6
Let j(q) = -2*q - 2. Let s(r) = 4*r + 1. Let b(l) = -j(l) - s(l). Suppose -3*i - 5 = -4*i. Calculate b(i).
-9
Let n(g) be the second derivative of g**5/15 + g**3/6 + 3*g**2/2 + g. Let s(f) be the first derivative of n(f). Give s(1).
5
Let f(c) = 3. Let i(t) = t + 1. Let r(w) = f(w) - 3*i(w). Determine r(1).
-3
Suppose 3*y + 3 = 3*t, 2*t + 2*y = -2*t - 2. Let p(d) = d + 2. Calculate p(t).
2
Let b(h) = -5*h**2 - h + 1. Let j(w) = -w**2. Let z(m) = b(m) - j(m). What is z(1)?
-4
Let n(p) = -7*p - 3. Let h(l) = 3*l + 1. Let g(d) = 5*h(d) + 2*n(d). Let b(c) = -3*c**2 + 5*c - 6. Let a(z) = -b(z) + 5*g(z). Determine a(1).
4
Let m = -7 + 5. Let f be (-110)/(-25) - 4/10. Let n(t) = -1 + 2*t - f*t - 1. Calculate n(m).
2
Let c(w) be the second derivative of -w**5/60 + 7*w**4/24 - 2*w**3/3 + w**2/2 - 3*w. Let q(s) be the first derivative of c(s). What is q(5)?
6
Suppose 16*i - 14*i - 14 = 0. Let q(x) = x**3 - 7*x**2 + 3*x - 10. Determine q(i).
11
Let k(y) = 2*y + 4. Let r be k(-4). Suppose 3*o + 3*o = 0. Let m(t) = o - t**3 + 1 + 2*t**2 + 1 + 6*t - 5*t**2. Calculate m(r).
-6
Let v(k) = 2*k**3 + 6*k**2 - 5*k + 1. Let d(x) = -3*x**3 - 5*x**2 + 4*x - 1. Let s(t) = -3*d(t) - 4*v(t). Give s(8).
-1
Let x(z) = -2*z**2 - 2*z - 2. Let c = -13 + 12. Let l be x(c). Let b(n) = -2*n**3 - 3*n**2 - n + 2. Calculate b(l).
8
Let l(f) be the first derivative of 1/2*f**4 + 3*f + 0*f**2 + f**3 + 3. Let h(b) = b**3 + 2*b**2 + 2. Let n(d) = 3*h(d) - 2*l(d). Determine n(-1).
1
Let p(l) = 15*l - 11. Let m(u) = 7*u - 5. Let s(g) = 13*m(g) - 6*p(g). What is s(-4)?
-3
Let z(l) = 16*l**3 - 36*l**2 - 16*l + 20. Let k(a) = -3*a**3 + 7*a**2 + 3*a - 4. Let q(u) = 11*k(u) + 2*z(u). Give q(5).
1
Let u(o) = -o + 1. Let q(h) = -1. Let b(s) = -q(s) - 3*u(s). Give b(3).
7
Let q(u) be the second derivative of u**7/840 - u**6/360 - u**5/24 + u**4/8 - u**3/2 + 2*u. Let r(f) be the second derivative of q(f). Give r(3).
6
Let v(i) be the third derivative of i**6/24 + i**5/60 - i**3/6 + 35*i**2. Let z be (-2 - 2)*(-1)/1. Suppose -s - z*s - 5 = 0. Give v(s).
-5
Let u(d) = d**2 + 6*d + 3. Let q be (-8)/12*15/(-2). Let c be ((-10)/(-6))/(q/(-15)). Give u(c).
-2
Let z be 57/(-9) + (-2)/(-6). Let g(u) = u**2 + 6*u + 2. Give g(z).
2
Let y be 2/10 + 2/(-10). Suppose -5*v - 20 = 5*k, 3*v + v + k + 16 = y. Let r(c) = -c**3 - 4*c**2 - 3*c - 1. Calculate r(v).
11
Let l be (-13)/(-3) - (-2)/(-6). Let q(x) = x + 6 - l*x + 2*x. What is q(5)?
1
Let w(x) be the first derivative of x**2 - 3*x + 1. Let i(l) = 3*l - 17. Let g be i(7). What is w(g)?
5
Let g(w) be the third derivative of -5*w**4/24 - 2*w**2. Determine g(-2).
10
Let r(p) = p**2 - p. Let q(h) = -8*h**2 - 3 + 2*h**3 - 2*h**3 + 2*h**2 - h - h**3. Let k(z) = -q(z) - r(z). Let l = 7 - 12. Give k(l).
-7
Suppose -3*y + 15 = -0*y. Suppose -u - 28 + 8 = y*o, -3*u = -4*o + 3. Let w(i) = i**3 + 6*i**2 + 5*i - 6. Give w(u).
-6
Let n(v) = -v**3 - 2*v**2 + 3*v + 3. Let a(h) = h**3 + 16*h**2 + 16*h + 15. Let p be a(-15). Suppose p = 2*o + 4*f - 4, -6*f + f = -2*o - 14. What is n(o)?
-3
Suppose -4*f = 3*o - 19, 5 = -2*f + 2*o - 3. Let q(i) = 43*i**2 + i - 2*i**3 - 4*i**3 - 26*i**2 - 19*i**2. What is q(f)?
-7
Let i(x) be the first derivative of -x**4/4 + 4*x**3/3 + 3*x**2/2 - 2*x - 10. Determine i(5).
-12
Let x(y) = -y**2 + 3*y - 7. Let m be x(0). Let h(r) = r**3 + 6*r**2 - 5*r + 7. Determine h(m).
-7
Let l(g) = -2*g**3 + 2*g**2 + 3*g + 2. Let a be l(-1). Let t(q) be the second derivative of 1/2*q**2 - 1/12*q**4 - 2*q + 0 - 1/3*q**a. Determine t(-2).
1
Suppose 35 = 7*h - 28. Let d(q) = -q + 7. What is d(h)?
-2
Let t(g) = g. Suppose -r + 25 = 2*r + 5*w, 2*r = -3*w + 16. What is t(r)?
5
Let f = -7 - -12. Let s(o) = -f*o - 2 + 4 - 1 + 0*o. Calculate s(1).
-4
Suppose -2*f = 4*k - 18, 4*f = -5*k - f + 35. Let z(n) = n**2 + 0 + 2*n - 1 - 3*n**2. What is z(k)?
-5
Let a(w) = -2*w**3 - 2*w - 2. Let n(t) = t**3 + t + 1. Let b(f) = 2*a(f) + 5*n(f). Let d be (-5 + 3)*(3/2 - 1). What is b(d)?
-1
Let u(n) = -n**3 + 5*n**2 - 1. Let w(t) = 3*t + 5. Let h be w(-3). Let c be 2 - (h - 3 - -4). Calculate u(c).
-1
Let x(j) be the third derivative of -7/6*j**3 - 1/60*j**5 - 3*j**2 + 0 + 0*j - 1/3*j**4. Calculate x(-6).
5
Suppose -2*s + 2 = -10. Let x(f) = f. Let w(a) = -3*a - 6. Let z(o) = -w(o) - 4*x(o). Determine z(s).
0
Let t(k) = -2*k**2 - 9*k + 5. Let c(q) = q**2 + 5*q - 2. Let n(p) = 11*c(p) + 6*t(p). Let v(d) = -d + 2. Let s be v(2). Suppose 4*w - 2*w = s. Calculate n(w).
8
Suppose -10*n - 4*t + 8 = -14*n, 5*t - 22 = n. Let w(f) = 3*f + 4. Let u be w(-3). Let i = u + n. Let b(l) = -2*l**3 - 2*l**2 - 2*l - 2. Determine b(i).
10
Let g(y) = 5 - 1 + 2 - 3*y - 7. Give g(2).
-7
Let n(c) = -c + 1. Let q(d) = -d**2 + 4*d + 3. Let v be q(3). Suppose -2*s + r + 9 = 0, 3*r - v = 4*s - 25. What is n(s)?
-3
Let x(m) be the third derivative of m**8/20160 - m**7/1260 + m**6/120 - m**5/20 + 4*m**2. Let k(s) be the third derivative of x(s). Determine k(4).
6
Suppose 3*o = -x - 7, -4 + 0 = 2*x - 4*o. Let i(l) = 5*l + 3*l**2 + 2*l**2 - 2*l**3 + 1 + 3*l**3. Give i(x).
-3
Let t be (-1)/(-2) - 5/(-10). Let v(x) = -1 + 17*x + 2 - 11*x. What is v(t)?
7
Let t(s) = 16*s - 124. Let j be t(8). Let b(i) be the second derivative of -i**3/2 + 3*i**2/2 + i. Determine b(j).
-9
Let i(v) = v + 16. Let r(f) = 4*f + 66. Let b(y) = 9*i(y) - 2*r(y). What is b(0)?
12
Let c be (0 - 2)*1*-1. Let d be 2 + -1 - (0 + c). Let o(s) = -2*s + 1. Calculate o(d).
3
Let z(o) be the third derivative of 1/3*o**3 + 2*o**2 + 0 - 1/12*o**4 + 0*o. Calculate z(3).
-4
Let p(n) = n - 1. Let g be p(1). Let d(h) = -4 + h + 3 + 5 + g. Give d(-4).
0
Let c(m) = 16*m**3 - 1 + 3*m - 3*m - 28*m**2 + 30*m**2. Give c(-1).
-15
Let c(p) = p + 7. Let h = 12 - 15. Give c(h).
4
Let v(m) = 4 - 7 + 0*m - 3*m + 4*m. What is v(4)?
1
Let z(d) = -d**3 - d**2 - d - 1. Let a = 47 + -47. Give z(a).
-1
Suppose -5*m - 6*k = -3*k - 21, -18 = -4*m - 2*k. Let u(w) = w - 2. What is u(m)?
4
Let l(p) = -p**2 + 3. Let t = 47 - 45. Let m(r) = 2 - 2*r + 3*r - 4. Let f be m(t). Give l(f).
3
Let j = -3 - -1. Let o be (-1)/j - 3/(-2). Let t(x) = x**3 - 3*x**2. Give t(o).
-4
Let f(i) = -2*i + 1. Let w = 0 + 0. Suppose w = -3*q, 2*q + 2*q + 1 = -z. Give f(z).
3
Let n(h) = h + 2. Let i be (-20)/(-70) - (-40)/7